{"id":256,"date":"2016-03-09T21:37:10","date_gmt":"2016-03-09T20:37:10","guid":{"rendered":"http:\/\/www.aga-og.at\/?page_id=256"},"modified":"2017-03-13T10:49:55","modified_gmt":"2017-03-13T09:49:55","slug":"kirchenarchaeologie","status":"publish","type":"page","link":"https:\/\/www.aga-og.at\/index.php\/referenzen\/kirchenarchaeologie\/","title":{"rendered":"Pr\u00e4sentation"},"content":{"rendered":"<p><span style=\"font-size: 14pt;\"><strong>Projektbegleitende Veranstaltungen am Beispiel Weiden am See<\/strong><\/span><\/p>\n<p><span style=\"font-size: 14pt;\">Film-Doku, Vortrag &amp; Ausstellung im Winzerkeller<\/span><\/p>\n<p><a href=\"http:\/\/www.aga-og.at\/wp-content\/uploads\/2017\/03\/Vortrag-02-1.jpg\"><img loading=\"lazy\" decoding=\"async\" id=\"__wp-temp-img-id\" class=\"alignnone\" src=\"http:\/\/www.aga-og.at\/wp-content\/uploads\/2017\/03\/Vortrag-02-1.jpg\" alt=\"\" width=\"401\" height=\"267\" \/><\/a><\/p>\n<p><span style=\"font-size: 14pt;\">Tage der offenen T\u00fcr auf der Ausgrabung<\/span><\/p>\n<p><a href=\"http:\/\/www.aga-og.at\/wp-content\/uploads\/Tag-der-offenen-Tuer.jpg\"><img loading=\"lazy\" decoding=\"async\" id=\"__wp-temp-img-id\" class=\"alignnone\" src=\"http:\/\/www.aga-og.at\/wp-content\/uploads\/Tag-der-offenen-Tuer.jpg\" alt=\"\" width=\"401\" height=\"267\" \/><\/a><\/p>\n<p><span style=\"font-size: 14pt;\">Er\u00f6ffnung des Arch\u00e4ologischen Info-Points<\/span><\/p>\n<p><a href=\"http:\/\/www.aga-og.at\/wp-content\/uploads\/Info_point_02.jpg\"><img loading=\"lazy\" decoding=\"async\" id=\"__wp-temp-img-id\" class=\"alignnone\" src=\"http:\/\/www.aga-og.at\/wp-content\/uploads\/Info_point_02.jpg\" alt=\"\" width=\"401\" height=\"267\" \/><\/a><\/p>\n<p><span style=\"font-size: 14pt;\">F\u00fchrungen f\u00fcr Sch\u00fclerInnen &amp; Lehrpersonal<\/span><\/p>\n<p><a href=\"http:\/\/www.aga-og.at\/wp-content\/uploads\/Fuehrung03.jpg\"><img loading=\"lazy\" decoding=\"async\" id=\"__wp-temp-img-id\" class=\"alignnone\" src=\"http:\/\/www.aga-og.at\/wp-content\/uploads\/Fuehrung03.jpg\" alt=\"\" width=\"401\" height=\"267\" \/><\/a><\/p>\n","protected":false},"excerpt":{"rendered":"<p>Projektbegleitende Veranstaltungen am Beispiel Weiden am See Film-Doku, Vortrag &amp; Ausstellung im Winzerkeller Tage der offenen T\u00fcr auf der Ausgrabung Er\u00f6ffnung des Arch\u00e4ologischen Info-Points F\u00fchrungen f\u00fcr Sch\u00fclerInnen &amp; Lehrpersonal<\/p>\n","protected":false},"author":4,"featured_media":0,"parent":164,"menu_order":5,"comment_status":"closed","ping_status":"closed","template":"","meta":{"ngg_post_thumbnail":0,"footnotes":""},"class_list":["post-256","page","type-page","status-publish","hentry"],"_links":{"self":[{"href":"https:\/\/www.aga-og.at\/index.php\/wp-json\/wp\/v2\/pages\/256","targetHints":{"allow":["GET"]}}],"collection":[{"href":"https:\/\/www.aga-og.at\/index.php\/wp-json\/wp\/v2\/pages"}],"about":[{"href":"https:\/\/www.aga-og.at\/index.php\/wp-json\/wp\/v2\/types\/page"}],"author":[{"embeddable":true,"href":"https:\/\/www.aga-og.at\/index.php\/wp-json\/wp\/v2\/users\/4"}],"replies":[{"embeddable":true,"href":"https:\/\/www.aga-og.at\/index.php\/wp-json\/wp\/v2\/comments?post=256"}],"version-history":[{"count":0,"href":"https:\/\/www.aga-og.at\/index.php\/wp-json\/wp\/v2\/pages\/256\/revisions"}],"up":[{"embeddable":true,"href":"https:\/\/www.aga-og.at\/index.php\/wp-json\/wp\/v2\/pages\/164"}],"wp:attachment":[{"href":"https:\/\/www.aga-og.at\/index.php\/wp-json\/wp\/v2\/media?parent=256"}],"curies":[{"name":"wp","href":"https:\/\/api.w.org\/{rel}","templated":true}]}}

Präsentation

<p><span style="font-size: 14pt;"><strong>Projektbegleitende Veranstaltungen am Beispiel Weiden am See</strong></span></p>
<p><span style="font-size: 14pt;">Film-Doku, Vortrag &amp; Ausstellung im Winzerkeller</span></p>
<p><a href="http://www.aga-og.at/wp-content/uploads/2017/03/Vortrag-02-1.jpg"><img loading="lazy" decoding="async" id="__wp-temp-img-id" class="alignnone" src="http://www.aga-og.at/wp-content/uploads/2017/03/Vortrag-02-1.jpg" alt="" width="401" height="267" /></a></p>
<p><span style="font-size: 14pt;">Tage der offenen Tür auf der Ausgrabung</span></p>
<p><a href="http://www.aga-og.at/wp-content/uploads/Tag-der-offenen-Tuer.jpg"><img loading="lazy" decoding="async" id="__wp-temp-img-id" class="alignnone" src="http://www.aga-og.at/wp-content/uploads/Tag-der-offenen-Tuer.jpg" alt="" width="401" height="267" /></a></p>
<p><span style="font-size: 14pt;">Eröffnung des Archäologischen Info-Points</span></p>
<p><a href="http://www.aga-og.at/wp-content/uploads/Info_point_02.jpg"><img loading="lazy" decoding="async" id="__wp-temp-img-id" class="alignnone" src="http://www.aga-og.at/wp-content/uploads/Info_point_02.jpg" alt="" width="401" height="267" /></a></p>
<p><span style="font-size: 14pt;">Führungen für SchülerInnen &amp; Lehrpersonal</span></p>
<p><a href="http://www.aga-og.at/wp-content/uploads/Fuehrung03.jpg"><img loading="lazy" decoding="async" id="__wp-temp-img-id" class="alignnone" src="http://www.aga-og.at/wp-content/uploads/Fuehrung03.jpg" alt="" width="401" height="267" /></a></p>

<p>Projektbegleitende Veranstaltungen am Beispiel Weiden am See Film-Doku, Vortrag &amp; Ausstellung im Winzerkeller Tage der offenen Tür auf der Ausgrabung Eröffnung des Archäologischen Info-Points Führungen für SchülerInnen &amp; Lehrpersonal</p>
