{"id":409,"date":"2017-03-09T20:49:00","date_gmt":"2017-03-09T19:49:00","guid":{"rendered":"http:\/\/www.aga-og.at\/?page_id=409"},"modified":"2017-03-13T10:32:04","modified_gmt":"2017-03-13T09:32:04","slug":"rettungsgrabungen","status":"publish","type":"page","link":"https:\/\/www.aga-og.at\/index.php\/rettungsgrabungen\/","title":{"rendered":"Rettungsgrabungen"},"content":{"rendered":"<p><span style=\"font-size: 14pt;\">Umwidmungen in Bauland: Weiden am See, Kirchen\u00e4cker 2015<\/span><\/p>\n<p><a href=\"http:\/\/www.aga-og.at\/wp-content\/uploads\/ueberblick05.jpg\"><img loading=\"lazy\" decoding=\"async\" id=\"__wp-temp-img-id\" class=\"alignnone\" src=\"http:\/\/www.aga-og.at\/wp-content\/uploads\/ueberblick05.jpg\" alt=\"\" width=\"401\" height=\"300\" \/><\/a><\/p>\n<p><span style=\"font-size: 14pt;\">Umwidmungen in Bauland: Deutschkreutz 2015<\/span><\/p>\n<p><a href=\"http:\/\/www.aga-og.at\/wp-content\/uploads\/Deutschkreutz04.jpg\"><img loading=\"lazy\" decoding=\"async\" id=\"__wp-temp-img-id\" class=\"alignnone\" src=\"http:\/\/www.aga-og.at\/wp-content\/uploads\/Deutschkreutz04.jpg\" alt=\"\" width=\"401\" height=\"300\" \/><\/a><\/p>\n<p><span style=\"font-size: 14pt;\">Trassenarch\u00e4ologie: Erdgas-HDL Wilfleinsdorf-Parndorf 2014<\/span><\/p>\n<p><a href=\"http:\/\/www.aga-og.at\/wp-content\/uploads\/HDL-01.jpg\"><img loading=\"lazy\" decoding=\"async\" id=\"__wp-temp-img-id\" class=\"alignnone\" src=\"http:\/\/www.aga-og.at\/wp-content\/uploads\/HDL-01.jpg\" alt=\"\" width=\"401\" height=\"194\" \/><\/a><\/p>\n<p><span style=\"font-size: 14pt;\">Trassenarch\u00e4ologie: Gaspipeline EVN-S\u00fcdschiene 2009<\/span><\/p>\n<p><a href=\"http:\/\/www.aga-og.at\/wp-content\/uploads\/EVNSuedschiene01A.jpg\"><img loading=\"lazy\" decoding=\"async\" id=\"__wp-temp-img-id\" class=\"alignnone\" src=\"http:\/\/www.aga-og.at\/wp-content\/uploads\/EVNSuedschiene01A.jpg\" alt=\"\" width=\"401\" height=\"267\" \/><\/a><\/p>\n<p><span style=\"font-size: 14pt;\">Kirchenarch\u00e4ologie: Pfarrkirche Parndorf 2016<\/span><\/p>\n<p><a href=\"http:\/\/www.aga-og.at\/wp-content\/uploads\/Parndorf-01.jpg\"><img loading=\"lazy\" decoding=\"async\" id=\"__wp-temp-img-id\" class=\"alignnone\" src=\"http:\/\/www.aga-og.at\/wp-content\/uploads\/Parndorf-01.jpg\" alt=\"\" width=\"401\" height=\"267\" \/><\/a><\/p>\n<p><span style=\"font-size: 14pt;\">Kirchenarch\u00e4ologie: Pfarrkirche St. Georgen (Eisenstadt) 2013<\/span><\/p>\n<p><a href=\"http:\/\/www.aga-og.at\/wp-content\/uploads\/St.-Georgen.jpg\"><img loading=\"lazy\" decoding=\"async\" id=\"__wp-temp-img-id\" class=\"alignnone\" src=\"http:\/\/www.aga-og.at\/wp-content\/uploads\/St.-Georgen.jpg\" alt=\"\" width=\"401\" height=\"268\" \/><\/a><\/p>\n<p><span style=\"font-size: 14pt;\">Burgenarch\u00e4ologie: Burg G\u00fcssing 2011<\/span><\/p>\n<p><a href=\"http:\/\/www.aga-og.at\/wp-content\/uploads\/BurgGuessing01.jpg\"><img loading=\"lazy\" decoding=\"async\" id=\"__wp-temp-img-id\" class=\"alignnone\" src=\"http:\/\/www.aga-og.at\/wp-content\/uploads\/BurgGuessing01.jpg\" alt=\"\" width=\"401\" height=\"267\" \/><\/a><\/p>\n<p><span style=\"font-size: 14pt;\">Burgenarch\u00e4ologie: Schloss Nebersdorf 2011<\/span><\/p>\n<p><a href=\"http:\/\/www.aga-og.at\/wp-content\/uploads\/2017\/03\/Schloss-Nebersdorf-01-1.jpg\"><img loading=\"lazy\" decoding=\"async\" id=\"__wp-temp-img-id\" class=\"alignnone\" src=\"http:\/\/www.aga-og.at\/wp-content\/uploads\/2017\/03\/Schloss-Nebersdorf-01-1.jpg\" alt=\"\" width=\"401\" height=\"602\" \/><\/a><\/p>\n<p><span style=\"font-size: 14pt;\">Gartenarch\u00e4ologie: Schloss Lackenbach 2012<\/span><\/p>\n<p><a href=\"http:\/\/www.aga-og.at\/wp-content\/uploads\/Lackenbach-02.jpg\"><img loading=\"lazy\" decoding=\"async\" id=\"__wp-temp-img-id\" class=\"alignnone\" src=\"http:\/\/www.aga-og.at\/wp-content\/uploads\/Lackenbach-02.jpg\" alt=\"\" width=\"401\" height=\"267\" \/><\/a><\/p>\n<p><span style=\"font-size: 14pt;\">Gartenarch\u00e4ologie: Schloss Rotenturm 2010<\/span><\/p>\n<p><a href=\"http:\/\/www.aga-og.at\/wp-content\/uploads\/2017\/03\/Rotenturm-01-1.jpg\"><img loading=\"lazy\" decoding=\"async\" id=\"__wp-temp-img-id\" class=\"alignnone\" src=\"http:\/\/www.aga-og.at\/wp-content\/uploads\/2017\/03\/Rotenturm-01-1.jpg\" alt=\"\" width=\"402\" height=\"142\" \/><\/a><\/p>\n<p>&nbsp;<\/p>\n","protected":false},"excerpt":{"rendered":"<p>Umwidmungen in Bauland: Weiden am See, Kirchen\u00e4cker 2015 Umwidmungen in Bauland: Deutschkreutz 2015 Trassenarch\u00e4ologie: Erdgas-HDL Wilfleinsdorf-Parndorf 2014 Trassenarch\u00e4ologie: Gaspipeline EVN-S\u00fcdschiene 2009 Kirchenarch\u00e4ologie: Pfarrkirche Parndorf 2016 Kirchenarch\u00e4ologie: Pfarrkirche St. Georgen (Eisenstadt) 2013 Burgenarch\u00e4ologie: Burg G\u00fcssing 2011 Burgenarch\u00e4ologie: Schloss Nebersdorf 2011 Gartenarch\u00e4ologie: Schloss Lackenbach 2012 Gartenarch\u00e4ologie: Schloss Rotenturm 2010 &nbsp;<\/p>\n","protected":false},"author":4,"featured_media":0,"parent":0,"menu_order":0,"comment_status":"closed","ping_status":"closed","template":"","meta":{"ngg_post_thumbnail":0,"footnotes":""},"class_list":["post-409","page","type-page","status-publish","hentry"],"_links":{"self":[{"href":"https:\/\/www.aga-og.at\/index.php\/wp-json\/wp\/v2\/pages\/409","targetHints":{"allow":["GET"]}}],"collection":[{"href":"https:\/\/www.aga-og.at\/index.php\/wp-json\/wp\/v2\/pages"}],"about":[{"href":"https:\/\/www.aga-og.at\/index.php\/wp-json\/wp\/v2\/types\/page"}],"author":[{"embeddable":true,"href":"https:\/\/www.aga-og.at\/index.php\/wp-json\/wp\/v2\/users\/4"}],"replies":[{"embeddable":true,"href":"https:\/\/www.aga-og.at\/index.php\/wp-json\/wp\/v2\/comments?post=409"}],"version-history":[{"count":0,"href":"https:\/\/www.aga-og.at\/index.php\/wp-json\/wp\/v2\/pages\/409\/revisions"}],"wp:attachment":[{"href":"https:\/\/www.aga-og.at\/index.php\/wp-json\/wp\/v2\/media?parent=409"}],"curies":[{"name":"wp","href":"https:\/\/api.w.org\/{rel}","templated":true}]}}